{"id":999,"date":"2023-11-14T10:03:30","date_gmt":"2023-11-14T08:03:30","guid":{"rendered":"https:\/\/www.andaluciaagrotech.com\/?post_type=radar&#038;p=999"},"modified":"2023-11-14T10:03:30","modified_gmt":"2023-11-14T08:03:30","slug":"agritechnica","status":"publish","type":"radar","link":"https:\/\/www.andaluciaagrotech.com\/en\/radar\/agritechnica\/","title":{"rendered":"Agritechnica"},"content":{"rendered":"","protected":false},"excerpt":{"rendered":"<p>Feria dedicada a la maquinaria agr\u00edcola, en la que descubrir innovaciones de productos y \u00faltimas tecnolog\u00edas. 12 al 18 de noviembre, Hannover (Alemania).<\/p>\n","protected":false},"author":2,"featured_media":1000,"template":"","taxonomy\/categoria-radar":[39],"_links":{"self":[{"href":"https:\/\/www.andaluciaagrotech.com\/en\/wp-json\/wp\/v2\/post-type\/radar\/999"}],"collection":[{"href":"https:\/\/www.andaluciaagrotech.com\/en\/wp-json\/wp\/v2\/post-type\/radar"}],"about":[{"href":"https:\/\/www.andaluciaagrotech.com\/en\/wp-json\/wp\/v2\/types\/radar"}],"author":[{"embeddable":true,"href":"https:\/\/www.andaluciaagrotech.com\/en\/wp-json\/wp\/v2\/users\/2"}],"wp:featuredmedia":[{"embeddable":true,"href":"https:\/\/www.andaluciaagrotech.com\/en\/wp-json\/wp\/v2\/media\/1000"}],"wp:attachment":[{"href":"https:\/\/www.andaluciaagrotech.com\/en\/wp-json\/wp\/v2\/media?parent=999"}],"wp:term":[{"taxonomy":"categoria-radar","embeddable":true,"href":"https:\/\/www.andaluciaagrotech.com\/en\/wp-json\/wp\/v2\/taxonomy\/categoria-radar?post=999"}],"curies":[{"name":"wp","href":"https:\/\/api.w.org\/{rel}","templated":true}]}}

<p>Feria dedicada a la maquinaria agrícola, en la que descubrir innovaciones de productos y últimas tecnologías. 12 al 18 de noviembre, Hannover (Alemania).</p>
