{"id":990,"date":"2023-11-10T09:24:47","date_gmt":"2023-11-10T07:24:47","guid":{"rendered":"https:\/\/www.andaluciaagrotech.com\/?post_type=radar&#038;p=990"},"modified":"2023-11-10T14:25:05","modified_gmt":"2023-11-10T12:25:05","slug":"cluster-4-horizonte-europa-info-days","status":"publish","type":"radar","link":"https:\/\/www.andaluciaagrotech.com\/en\/radar\/cluster-4-horizonte-europa-info-days\/","title":{"rendered":"Cluster 4 Horizonte Europa | Info days"},"content":{"rendered":"<p>Este evento de dos d\u00edas, celebrado el 11 y 12 de octubre, ten\u00eda por objetivo informar sobre las oportunidades de financiaci\u00f3n de las convocatorias 2024 del Programa de Trabajo 2023-2024 del Cl\u00faster 4 &#8220;Digital, Industria y Espacio&#8221; de Horizonte Europa. Consulta las sesiones grabadas.<\/p>\n","protected":false},"excerpt":{"rendered":"<p>Este evento de dos d\u00edas, celebrado el 11 y 12 de octubre, ten\u00eda por objetivo informar sobre las oportunidades de financiaci\u00f3n de las convocatorias 2024 del Programa de Trabajo 2023-2024 del Cl\u00faster 4 &#8220;Digital, Industria y Espacio&#8221; de Horizonte Europa. Consulta las sesiones grabadas.<\/p>\n","protected":false},"author":2,"featured_media":991,"template":"","taxonomy\/categoria-radar":[40],"_links":{"self":[{"href":"https:\/\/www.andaluciaagrotech.com\/en\/wp-json\/wp\/v2\/post-type\/radar\/990"}],"collection":[{"href":"https:\/\/www.andaluciaagrotech.com\/en\/wp-json\/wp\/v2\/post-type\/radar"}],"about":[{"href":"https:\/\/www.andaluciaagrotech.com\/en\/wp-json\/wp\/v2\/types\/radar"}],"author":[{"embeddable":true,"href":"https:\/\/www.andaluciaagrotech.com\/en\/wp-json\/wp\/v2\/users\/2"}],"wp:featuredmedia":[{"embeddable":true,"href":"https:\/\/www.andaluciaagrotech.com\/en\/wp-json\/wp\/v2\/media\/991"}],"wp:attachment":[{"href":"https:\/\/www.andaluciaagrotech.com\/en\/wp-json\/wp\/v2\/media?parent=990"}],"wp:term":[{"taxonomy":"categoria-radar","embeddable":true,"href":"https:\/\/www.andaluciaagrotech.com\/en\/wp-json\/wp\/v2\/taxonomy\/categoria-radar?post=990"}],"curies":[{"name":"wp","href":"https:\/\/api.w.org\/{rel}","templated":true}]}}

<p>Este evento de dos días, celebrado el 11 y 12 de octubre, tenía por objetivo informar sobre las oportunidades de financiación de las convocatorias 2024 del Programa de Trabajo 2023-2024 del Clúster 4 &#8220;Digital, Industria y Espacio&#8221; de Horizonte Europa. Consulta las sesiones grabadas.</p>
