{"id":3432,"date":"2026-03-31T12:32:41","date_gmt":"2026-03-31T10:32:41","guid":{"rendered":"https:\/\/www.andaluciaagrotech.com\/?post_type=radar&#038;p=3432"},"modified":"2026-03-31T12:32:41","modified_gmt":"2026-03-31T10:32:41","slug":"taller-informativo-online-sobre-la-convocatoria-neotec-2026","status":"publish","type":"radar","link":"https:\/\/www.andaluciaagrotech.com\/en\/radar\/taller-informativo-online-sobre-la-convocatoria-neotec-2026\/","title":{"rendered":"Taller informativo online sobre la convocatoria NEOTEC 2026"},"content":{"rendered":"","protected":false},"excerpt":{"rendered":"<p>El 7 de abril se celebrar\u00e1 un taller online organizado por Andaluc\u00eda TRADE y CDTI Innovaci\u00f3n para presentar en detalle la convocatoria NEOTEC 2026. La jornada est\u00e1 dirigida a peque\u00f1as empresas de base tecnol\u00f3gica interesadas en ayudas para proyectos con fuerte componente cient\u00edfico\u2011t\u00e9cnico y desarrollo tecnol\u00f3gico propio. Durante la sesi\u00f3n, los participantes podr\u00e1n conocer requisitos clave y solicitar asesoramiento personalizado sobre sus ideas de proyecto. Inscripciones abiertas hasta el 6 de abril.<\/p>\n","protected":false},"author":14,"featured_media":3433,"template":"","taxonomy\/categoria-radar":[40],"_links":{"self":[{"href":"https:\/\/www.andaluciaagrotech.com\/en\/wp-json\/wp\/v2\/post-type\/radar\/3432"}],"collection":[{"href":"https:\/\/www.andaluciaagrotech.com\/en\/wp-json\/wp\/v2\/post-type\/radar"}],"about":[{"href":"https:\/\/www.andaluciaagrotech.com\/en\/wp-json\/wp\/v2\/types\/radar"}],"author":[{"embeddable":true,"href":"https:\/\/www.andaluciaagrotech.com\/en\/wp-json\/wp\/v2\/users\/14"}],"wp:featuredmedia":[{"embeddable":true,"href":"https:\/\/www.andaluciaagrotech.com\/en\/wp-json\/wp\/v2\/media\/3433"}],"wp:attachment":[{"href":"https:\/\/www.andaluciaagrotech.com\/en\/wp-json\/wp\/v2\/media?parent=3432"}],"wp:term":[{"taxonomy":"categoria-radar","embeddable":true,"href":"https:\/\/www.andaluciaagrotech.com\/en\/wp-json\/wp\/v2\/taxonomy\/categoria-radar?post=3432"}],"curies":[{"name":"wp","href":"https:\/\/api.w.org\/{rel}","templated":true}]}}

<p>El 7 de abril se celebrará un taller online organizado por Andalucía TRADE y CDTI Innovación para presentar en detalle la convocatoria NEOTEC 2026. La jornada está dirigida a pequeñas empresas de base tecnológica interesadas en ayudas para proyectos con fuerte componente científico‑técnico y desarrollo tecnológico propio. Durante la sesión, los participantes podrán conocer requisitos clave y solicitar asesoramiento personalizado sobre sus ideas de proyecto. Inscripciones abiertas hasta el 6 de abril.</p>
