{"id":3420,"date":"2026-03-24T08:47:00","date_gmt":"2026-03-24T07:47:00","guid":{"rendered":"https:\/\/www.andaluciaagrotech.com\/?post_type=radar&#038;p=3420"},"modified":"2026-03-24T08:47:00","modified_gmt":"2026-03-24T07:47:00","slug":"prima-info-day-2026-presentacion-del-programa-de-trabajo-y-convocatorias-2026","status":"publish","type":"radar","link":"https:\/\/www.andaluciaagrotech.com\/en\/radar\/prima-info-day-2026-presentacion-del-programa-de-trabajo-y-convocatorias-2026\/","title":{"rendered":"PRIMA Info Day 2026: presentaci\u00f3n del Programa de Trabajo y Convocatorias 2026"},"content":{"rendered":"","protected":false},"excerpt":{"rendered":"<p>La iniciativa PRIMA ha publicado el borrador del Programa Anual de Trabajo, centrado en impulsar la investigaci\u00f3n y la innovaci\u00f3n en \u00e1mbitos clave como la gesti\u00f3n del agua, los sistemas agr\u00edcolas y las cadenas de valor agroalimentarias. El 26 de marzo celebrar\u00e1 su Info Day  para presentar el programa y las convocatorias del a\u00f1o. Durante la jornada se explicar\u00e1n los procedimientos de presentaci\u00f3n y evaluaci\u00f3n de propuestas, las reglas de participaci\u00f3n y las prioridades estrat\u00e9gicas del partenariado. El evento est\u00e1 dirigido a potenciales solicitantes y ofrecer\u00e1 una visi\u00f3n detallada de los temas de convocatoria y de los requisitos clave para preparar propuestas competitivas.<\/p>\n","protected":false},"author":15,"featured_media":3421,"template":"","taxonomy\/categoria-radar":[40],"_links":{"self":[{"href":"https:\/\/www.andaluciaagrotech.com\/en\/wp-json\/wp\/v2\/post-type\/radar\/3420"}],"collection":[{"href":"https:\/\/www.andaluciaagrotech.com\/en\/wp-json\/wp\/v2\/post-type\/radar"}],"about":[{"href":"https:\/\/www.andaluciaagrotech.com\/en\/wp-json\/wp\/v2\/types\/radar"}],"author":[{"embeddable":true,"href":"https:\/\/www.andaluciaagrotech.com\/en\/wp-json\/wp\/v2\/users\/15"}],"wp:featuredmedia":[{"embeddable":true,"href":"https:\/\/www.andaluciaagrotech.com\/en\/wp-json\/wp\/v2\/media\/3421"}],"wp:attachment":[{"href":"https:\/\/www.andaluciaagrotech.com\/en\/wp-json\/wp\/v2\/media?parent=3420"}],"wp:term":[{"taxonomy":"categoria-radar","embeddable":true,"href":"https:\/\/www.andaluciaagrotech.com\/en\/wp-json\/wp\/v2\/taxonomy\/categoria-radar?post=3420"}],"curies":[{"name":"wp","href":"https:\/\/api.w.org\/{rel}","templated":true}]}}

PRIMA Info Day 2026: presentación del Programa de Trabajo y Convocatorias 2026

<p>La iniciativa PRIMA ha publicado el borrador del Programa Anual de Trabajo, centrado en impulsar la investigación y la innovación en ámbitos clave como la gestión del agua, los sistemas agrícolas y las cadenas de valor agroalimentarias. El 26 de marzo celebrará su Info Day  para presentar el programa y las convocatorias del año. Durante la jornada se explicarán los procedimientos de presentación y evaluación de propuestas, las reglas de participación y las prioridades estratégicas del partenariado. El evento está dirigido a potenciales solicitantes y ofrecerá una visión detallada de los temas de convocatoria y de los requisitos clave para preparar propuestas competitivas.</p>
