{"id":3366,"date":"2026-03-10T09:07:20","date_gmt":"2026-03-10T08:07:20","guid":{"rendered":"https:\/\/www.andaluciaagrotech.com\/?post_type=radar&#038;p=3366"},"modified":"2026-03-23T11:40:43","modified_gmt":"2026-03-23T10:40:43","slug":"ai%e2%80%91agrifood-2026-congreso-internacional-sobre-inteligencia-artificial-en-el-sector-agroalimentario","status":"publish","type":"radar","link":"https:\/\/www.andaluciaagrotech.com\/en\/radar\/ai%e2%80%91agrifood-2026-congreso-internacional-sobre-inteligencia-artificial-en-el-sector-agroalimentario\/","title":{"rendered":"AI\u2011AGRIFOOD 2026: Congreso internacional sobre inteligencia artificial en el sector agroalimentario"},"content":{"rendered":"","protected":false},"excerpt":{"rendered":"<p>Reunir\u00e1 los d\u00edas 19 y 20 de marzo a investigadores, empresas tecnol\u00f3gicas y agentes del sector agroalimentario para debatir los avances de la inteligencia artificial aplicados a toda la cadena de valor.  El evento abordar\u00e1 tanto el desarrollo de infraestructuras t\u00e9cnicas \u2014datos, algoritmos y hardware\u2014 como las pol\u00edticas y recursos necesarios para una transici\u00f3n digital sostenible y orientada al mercado.  Su objetivo es consolidar un foro cient\u00edfico de referencia que conecte la investigaci\u00f3n con soluciones reales para mejorar la productividad, la resiliencia y la sostenibilidad del sistema agroalimentario. <\/p>\n","protected":false},"author":15,"featured_media":3367,"template":"","taxonomy\/categoria-radar":[41],"_links":{"self":[{"href":"https:\/\/www.andaluciaagrotech.com\/en\/wp-json\/wp\/v2\/post-type\/radar\/3366"}],"collection":[{"href":"https:\/\/www.andaluciaagrotech.com\/en\/wp-json\/wp\/v2\/post-type\/radar"}],"about":[{"href":"https:\/\/www.andaluciaagrotech.com\/en\/wp-json\/wp\/v2\/types\/radar"}],"author":[{"embeddable":true,"href":"https:\/\/www.andaluciaagrotech.com\/en\/wp-json\/wp\/v2\/users\/15"}],"wp:featuredmedia":[{"embeddable":true,"href":"https:\/\/www.andaluciaagrotech.com\/en\/wp-json\/wp\/v2\/media\/3367"}],"wp:attachment":[{"href":"https:\/\/www.andaluciaagrotech.com\/en\/wp-json\/wp\/v2\/media?parent=3366"}],"wp:term":[{"taxonomy":"categoria-radar","embeddable":true,"href":"https:\/\/www.andaluciaagrotech.com\/en\/wp-json\/wp\/v2\/taxonomy\/categoria-radar?post=3366"}],"curies":[{"name":"wp","href":"https:\/\/api.w.org\/{rel}","templated":true}]}}

<p>Reunirá los días 19 y 20 de marzo a investigadores, empresas tecnológicas y agentes del sector agroalimentario para debatir los avances de la inteligencia artificial aplicados a toda la cadena de valor.  El evento abordará tanto el desarrollo de infraestructuras técnicas —datos, algoritmos y hardware— como las políticas y recursos necesarios para una transición digital sostenible y orientada al mercado.  Su objetivo es consolidar un foro científico de referencia que conecte la investigación con soluciones reales para mejorar la productividad, la resiliencia y la sostenibilidad del sistema agroalimentario. </p>
