{"id":2937,"date":"2025-10-14T08:49:55","date_gmt":"2025-10-14T06:49:55","guid":{"rendered":"https:\/\/www.andaluciaagrotech.com\/?post_type=radar&#038;p=2937"},"modified":"2025-10-14T08:49:55","modified_gmt":"2025-10-14T06:49:55","slug":"smart-era-convocatoria-abierta","status":"publish","type":"radar","link":"https:\/\/www.andaluciaagrotech.com\/en\/radar\/smart-era-convocatoria-abierta\/","title":{"rendered":"SMART ERA | Convocatoria abierta"},"content":{"rendered":"","protected":false},"excerpt":{"rendered":"<p>Busca impulsar soluciones piloto que apoyen la transici\u00f3n ecol\u00f3gica y digital en zonas rurales de Europa, lideradas por sus propias comunidades. Se enfoca en proyectos que fortalezcan la sostenibilidad, la inclusi\u00f3n y la resiliencia local mediante tecnolog\u00edas inteligentes. Las propuestas podr\u00e1n recibir hasta 60.000\u20ac y pueden presentarse hasta el 4 de noviembre.<\/p>\n","protected":false},"author":11,"featured_media":2938,"template":"","taxonomy\/categoria-radar":[40],"_links":{"self":[{"href":"https:\/\/www.andaluciaagrotech.com\/en\/wp-json\/wp\/v2\/post-type\/radar\/2937"}],"collection":[{"href":"https:\/\/www.andaluciaagrotech.com\/en\/wp-json\/wp\/v2\/post-type\/radar"}],"about":[{"href":"https:\/\/www.andaluciaagrotech.com\/en\/wp-json\/wp\/v2\/types\/radar"}],"author":[{"embeddable":true,"href":"https:\/\/www.andaluciaagrotech.com\/en\/wp-json\/wp\/v2\/users\/11"}],"wp:featuredmedia":[{"embeddable":true,"href":"https:\/\/www.andaluciaagrotech.com\/en\/wp-json\/wp\/v2\/media\/2938"}],"wp:attachment":[{"href":"https:\/\/www.andaluciaagrotech.com\/en\/wp-json\/wp\/v2\/media?parent=2937"}],"wp:term":[{"taxonomy":"categoria-radar","embeddable":true,"href":"https:\/\/www.andaluciaagrotech.com\/en\/wp-json\/wp\/v2\/taxonomy\/categoria-radar?post=2937"}],"curies":[{"name":"wp","href":"https:\/\/api.w.org\/{rel}","templated":true}]}}

<p>Busca impulsar soluciones piloto que apoyen la transición ecológica y digital en zonas rurales de Europa, lideradas por sus propias comunidades. Se enfoca en proyectos que fortalezcan la sostenibilidad, la inclusión y la resiliencia local mediante tecnologías inteligentes. Las propuestas podrán recibir hasta 60.000€ y pueden presentarse hasta el 4 de noviembre.</p>
