{"id":2889,"date":"2025-09-29T10:22:32","date_gmt":"2025-09-29T08:22:32","guid":{"rendered":"https:\/\/www.andaluciaagrotech.com\/?post_type=radar&#038;p=2889"},"modified":"2025-09-29T10:22:32","modified_gmt":"2025-09-29T08:22:32","slug":"ceads-europa-impulsa-un-espacio-comun-de-datos-agricolas-para-transformar-el-sector-agroalimentario","status":"publish","type":"radar","link":"https:\/\/www.andaluciaagrotech.com\/en\/radar\/ceads-europa-impulsa-un-espacio-comun-de-datos-agricolas-para-transformar-el-sector-agroalimentario\/","title":{"rendered":"CEADS: Europa impulsa un espacio com\u00fan de datos agr\u00edcolas para transformar el sector agroalimentario"},"content":{"rendered":"","protected":false},"excerpt":{"rendered":"<p>La Uni\u00f3n Europea ha puesto en marcha CEADS, un proyecto de 36 meses para crear un espacio com\u00fan de datos agr\u00edcolas. Re\u00fane a 36 socios de 15 pa\u00edses para facilitar el acceso a informaci\u00f3n en un entorno seguro, \u00e9tico e interoperable; se estructura en tres fases \u2014Deploy, Enlarge y Scale\u2014 probando casos reales de uso de datos en agricultura. CEADS Busca optimizar agua, fertilizantes, trazabilidad y seguridad alimentaria mediante la digitalizaci\u00f3n. Con CEADS Europa avanza hacia una agricultura m\u00e1s conectada, sostenible y competitiva.<\/p>\n","protected":false},"author":11,"featured_media":2890,"template":"","taxonomy\/categoria-radar":[182],"_links":{"self":[{"href":"https:\/\/www.andaluciaagrotech.com\/en\/wp-json\/wp\/v2\/post-type\/radar\/2889"}],"collection":[{"href":"https:\/\/www.andaluciaagrotech.com\/en\/wp-json\/wp\/v2\/post-type\/radar"}],"about":[{"href":"https:\/\/www.andaluciaagrotech.com\/en\/wp-json\/wp\/v2\/types\/radar"}],"author":[{"embeddable":true,"href":"https:\/\/www.andaluciaagrotech.com\/en\/wp-json\/wp\/v2\/users\/11"}],"wp:featuredmedia":[{"embeddable":true,"href":"https:\/\/www.andaluciaagrotech.com\/en\/wp-json\/wp\/v2\/media\/2890"}],"wp:attachment":[{"href":"https:\/\/www.andaluciaagrotech.com\/en\/wp-json\/wp\/v2\/media?parent=2889"}],"wp:term":[{"taxonomy":"categoria-radar","embeddable":true,"href":"https:\/\/www.andaluciaagrotech.com\/en\/wp-json\/wp\/v2\/taxonomy\/categoria-radar?post=2889"}],"curies":[{"name":"wp","href":"https:\/\/api.w.org\/{rel}","templated":true}]}}

CEADS: Europa impulsa un espacio común de datos agrícolas para transformar el sector agroalimentario

<p>La Unión Europea ha puesto en marcha CEADS, un proyecto de 36 meses para crear un espacio común de datos agrícolas. Reúne a 36 socios de 15 países para facilitar el acceso a información en un entorno seguro, ético e interoperable; se estructura en tres fases —Deploy, Enlarge y Scale— probando casos reales de uso de datos en agricultura. CEADS Busca optimizar agua, fertilizantes, trazabilidad y seguridad alimentaria mediante la digitalización. Con CEADS Europa avanza hacia una agricultura más conectada, sostenible y competitiva.</p>
