{"id":2807,"date":"2025-09-09T07:21:08","date_gmt":"2025-09-09T05:21:08","guid":{"rendered":"https:\/\/www.andaluciaagrotech.com\/?post_type=radar&#038;p=2807"},"modified":"2025-09-09T07:26:17","modified_gmt":"2025-09-09T05:26:17","slug":"autentica-premium-food","status":"publish","type":"radar","link":"https:\/\/www.andaluciaagrotech.com\/en\/radar\/autentica-premium-food\/","title":{"rendered":"Aut\u00e9ntica Premium Food"},"content":{"rendered":"","protected":false},"excerpt":{"rendered":"<p>AUT\u00c9NTICA es un espacio creativo en el que reunimos a mentes brillantes, pero a la vez profundamente curiosas que, desde la gastronom\u00eda y la industria alimentaria, reflexionan y crean junto con profesionales de otras disciplinas del mundo de la salud, el deporte, la ciencia, la tecnolog\u00eda, las artes, la filosof\u00eda, la pol\u00edtica, la m\u00fasica, la arquitectura, la comunicaci\u00f3n o la nutrici\u00f3n, entre otros. Se celebra en FIBES Sevilla del 15 al 16 de septiembre<\/p>\n","protected":false},"author":11,"featured_media":2808,"template":"","taxonomy\/categoria-radar":[39],"_links":{"self":[{"href":"https:\/\/www.andaluciaagrotech.com\/en\/wp-json\/wp\/v2\/post-type\/radar\/2807"}],"collection":[{"href":"https:\/\/www.andaluciaagrotech.com\/en\/wp-json\/wp\/v2\/post-type\/radar"}],"about":[{"href":"https:\/\/www.andaluciaagrotech.com\/en\/wp-json\/wp\/v2\/types\/radar"}],"author":[{"embeddable":true,"href":"https:\/\/www.andaluciaagrotech.com\/en\/wp-json\/wp\/v2\/users\/11"}],"wp:featuredmedia":[{"embeddable":true,"href":"https:\/\/www.andaluciaagrotech.com\/en\/wp-json\/wp\/v2\/media\/2808"}],"wp:attachment":[{"href":"https:\/\/www.andaluciaagrotech.com\/en\/wp-json\/wp\/v2\/media?parent=2807"}],"wp:term":[{"taxonomy":"categoria-radar","embeddable":true,"href":"https:\/\/www.andaluciaagrotech.com\/en\/wp-json\/wp\/v2\/taxonomy\/categoria-radar?post=2807"}],"curies":[{"name":"wp","href":"https:\/\/api.w.org\/{rel}","templated":true}]}}

Auténtica Premium Food

<p>AUTÉNTICA es un espacio creativo en el que reunimos a mentes brillantes, pero a la vez profundamente curiosas que, desde la gastronomía y la industria alimentaria, reflexionan y crean junto con profesionales de otras disciplinas del mundo de la salud, el deporte, la ciencia, la tecnología, las artes, la filosofía, la política, la música, la arquitectura, la comunicación o la nutrición, entre otros. Se celebra en FIBES Sevilla del 15 al 16 de septiembre</p>
