{"id":2738,"date":"2025-07-15T08:11:43","date_gmt":"2025-07-15T06:11:43","guid":{"rendered":"https:\/\/www.andaluciaagrotech.com\/?post_type=radar&#038;p=2738"},"modified":"2025-07-15T08:11:43","modified_gmt":"2025-07-15T06:11:43","slug":"quieres-entender-como-incorporarte-a-un-espacio-de-datos","status":"publish","type":"radar","link":"https:\/\/www.andaluciaagrotech.com\/en\/radar\/quieres-entender-como-incorporarte-a-un-espacio-de-datos\/","title":{"rendered":"\u00bfQuieres entender c\u00f3mo incorporarte a un espacio de datos?"},"content":{"rendered":"","protected":false},"excerpt":{"rendered":"<p>Desde el Centro de Referencia de Espacios de Datos (CRED) organizan un webinar gratuito el jueves 17 de julio para presentar dos herramientas del Plan de Impulso de Espacios de Datos Sectoriales: (1) La primera especificaci\u00f3n UNE sobre espacios de datos en Espa\u00f1a, un marco de referencia interoperable, inclusivo y multisectorial, una base com\u00fan para impulsar estos nuevos ecosistemas colaborativos. (2) El Kit de Espacios de Datos, una subvenci\u00f3n p\u00fablica dirigida a entidades p\u00fablicas y privadas, dise\u00f1ada para facilitar su incorporaci\u00f3n efectiva a espacios de datos. Se hablar\u00e1 sobre qui\u00e9n puede solicitarla, c\u00f3mo hacerlo y qu\u00e9 gastos cubre.<\/p>\n","protected":false},"author":14,"featured_media":2739,"template":"","taxonomy\/categoria-radar":[39,40],"_links":{"self":[{"href":"https:\/\/www.andaluciaagrotech.com\/en\/wp-json\/wp\/v2\/post-type\/radar\/2738"}],"collection":[{"href":"https:\/\/www.andaluciaagrotech.com\/en\/wp-json\/wp\/v2\/post-type\/radar"}],"about":[{"href":"https:\/\/www.andaluciaagrotech.com\/en\/wp-json\/wp\/v2\/types\/radar"}],"author":[{"embeddable":true,"href":"https:\/\/www.andaluciaagrotech.com\/en\/wp-json\/wp\/v2\/users\/14"}],"wp:featuredmedia":[{"embeddable":true,"href":"https:\/\/www.andaluciaagrotech.com\/en\/wp-json\/wp\/v2\/media\/2739"}],"wp:attachment":[{"href":"https:\/\/www.andaluciaagrotech.com\/en\/wp-json\/wp\/v2\/media?parent=2738"}],"wp:term":[{"taxonomy":"categoria-radar","embeddable":true,"href":"https:\/\/www.andaluciaagrotech.com\/en\/wp-json\/wp\/v2\/taxonomy\/categoria-radar?post=2738"}],"curies":[{"name":"wp","href":"https:\/\/api.w.org\/{rel}","templated":true}]}}

¿Quieres entender cómo incorporarte a un espacio de datos?

<p>Desde el Centro de Referencia de Espacios de Datos (CRED) organizan un webinar gratuito el jueves 17 de julio para presentar dos herramientas del Plan de Impulso de Espacios de Datos Sectoriales: (1) La primera especificación UNE sobre espacios de datos en España, un marco de referencia interoperable, inclusivo y multisectorial, una base común para impulsar estos nuevos ecosistemas colaborativos. (2) El Kit de Espacios de Datos, una subvención pública dirigida a entidades públicas y privadas, diseñada para facilitar su incorporación efectiva a espacios de datos. Se hablará sobre quién puede solicitarla, cómo hacerlo y qué gastos cubre.</p>
