{"id":2552,"date":"2025-05-08T08:07:42","date_gmt":"2025-05-08T06:07:42","guid":{"rendered":"https:\/\/www.andaluciaagrotech.com\/?post_type=radar&#038;p=2552"},"modified":"2025-05-08T08:15:32","modified_gmt":"2025-05-08T06:15:32","slug":"5g-forum","status":"publish","type":"radar","link":"https:\/\/www.andaluciaagrotech.com\/en\/radar\/5g-forum\/","title":{"rendered":"5G Forum"},"content":{"rendered":"","protected":false},"excerpt":{"rendered":"<p>Un evento centrado en la tecnolog\u00eda 5G y 6G que contar\u00e1 con m\u00e1s de veinte empresas l\u00edderes, asociaciones, centros de investigaci\u00f3n y universidades, mostrando proyectos innovadores y discutiendo sobre el potencial del 5G en varios sectores. El evento incluir\u00e1 sesiones tanto presenciales como online, cubriendo temas desde la ciberseguridad hasta el papel de la mujer en STEM. Se celebra en Sevilla, del 12 al 16 de mayo.<\/p>\n","protected":false},"author":11,"featured_media":2553,"template":"","taxonomy\/categoria-radar":[39],"_links":{"self":[{"href":"https:\/\/www.andaluciaagrotech.com\/en\/wp-json\/wp\/v2\/post-type\/radar\/2552"}],"collection":[{"href":"https:\/\/www.andaluciaagrotech.com\/en\/wp-json\/wp\/v2\/post-type\/radar"}],"about":[{"href":"https:\/\/www.andaluciaagrotech.com\/en\/wp-json\/wp\/v2\/types\/radar"}],"author":[{"embeddable":true,"href":"https:\/\/www.andaluciaagrotech.com\/en\/wp-json\/wp\/v2\/users\/11"}],"wp:featuredmedia":[{"embeddable":true,"href":"https:\/\/www.andaluciaagrotech.com\/en\/wp-json\/wp\/v2\/media\/2553"}],"wp:attachment":[{"href":"https:\/\/www.andaluciaagrotech.com\/en\/wp-json\/wp\/v2\/media?parent=2552"}],"wp:term":[{"taxonomy":"categoria-radar","embeddable":true,"href":"https:\/\/www.andaluciaagrotech.com\/en\/wp-json\/wp\/v2\/taxonomy\/categoria-radar?post=2552"}],"curies":[{"name":"wp","href":"https:\/\/api.w.org\/{rel}","templated":true}]}}

<p>Un evento centrado en la tecnología 5G y 6G que contará con más de veinte empresas líderes, asociaciones, centros de investigación y universidades, mostrando proyectos innovadores y discutiendo sobre el potencial del 5G en varios sectores. El evento incluirá sesiones tanto presenciales como online, cubriendo temas desde la ciberseguridad hasta el papel de la mujer en STEM. Se celebra en Sevilla, del 12 al 16 de mayo.</p>
