{"id":2382,"date":"2025-02-27T10:45:45","date_gmt":"2025-02-27T08:45:45","guid":{"rendered":"https:\/\/www.andaluciaagrotech.com\/?post_type=radar&#038;p=2382"},"modified":"2025-02-27T10:45:45","modified_gmt":"2025-02-27T08:45:45","slug":"summer-schools-partenariado-de-agroecologia","status":"publish","type":"radar","link":"https:\/\/www.andaluciaagrotech.com\/en\/radar\/summer-schools-partenariado-de-agroecologia\/","title":{"rendered":"Summer Schools | Partenariado de Agroecolog\u00eda"},"content":{"rendered":"","protected":false},"excerpt":{"rendered":"<p>Esta iniciativa tiene como objetivo apoyar la creaci\u00f3n y el empoderamiento de una comunidad multi-actor de agroecologistas. La primera Escuela de Verano se centrar\u00e1 en la &#8220;Agricultura de Conservaci\u00f3n en Sistemas Mediterr\u00e1neos&#8221; y tendr\u00e1 lugar del 7 al 9 de mayo de 2025 en Elvas (Portugal). Solicitudes hasta el 7 de marzo.<\/p>\n","protected":false},"author":14,"featured_media":2383,"template":"","taxonomy\/categoria-radar":[39],"_links":{"self":[{"href":"https:\/\/www.andaluciaagrotech.com\/en\/wp-json\/wp\/v2\/post-type\/radar\/2382"}],"collection":[{"href":"https:\/\/www.andaluciaagrotech.com\/en\/wp-json\/wp\/v2\/post-type\/radar"}],"about":[{"href":"https:\/\/www.andaluciaagrotech.com\/en\/wp-json\/wp\/v2\/types\/radar"}],"author":[{"embeddable":true,"href":"https:\/\/www.andaluciaagrotech.com\/en\/wp-json\/wp\/v2\/users\/14"}],"wp:featuredmedia":[{"embeddable":true,"href":"https:\/\/www.andaluciaagrotech.com\/en\/wp-json\/wp\/v2\/media\/2383"}],"wp:attachment":[{"href":"https:\/\/www.andaluciaagrotech.com\/en\/wp-json\/wp\/v2\/media?parent=2382"}],"wp:term":[{"taxonomy":"categoria-radar","embeddable":true,"href":"https:\/\/www.andaluciaagrotech.com\/en\/wp-json\/wp\/v2\/taxonomy\/categoria-radar?post=2382"}],"curies":[{"name":"wp","href":"https:\/\/api.w.org\/{rel}","templated":true}]}}

Summer Schools | Partenariado de Agroecología

<p>Esta iniciativa tiene como objetivo apoyar la creación y el empoderamiento de una comunidad multi-actor de agroecologistas. La primera Escuela de Verano se centrará en la &#8220;Agricultura de Conservación en Sistemas Mediterráneos&#8221; y tendrá lugar del 7 al 9 de mayo de 2025 en Elvas (Portugal). Solicitudes hasta el 7 de marzo.</p>
