{"id":2339,"date":"2025-02-13T14:55:42","date_gmt":"2025-02-13T12:55:42","guid":{"rendered":"https:\/\/www.andaluciaagrotech.com\/?post_type=radar&#038;p=2339"},"modified":"2025-02-13T14:55:42","modified_gmt":"2025-02-13T12:55:42","slug":"future-ready-soluciones-bajo-demanda-con-ia-datos-y-robotica","status":"publish","type":"radar","link":"https:\/\/www.andaluciaagrotech.com\/en\/radar\/future-ready-soluciones-bajo-demanda-con-ia-datos-y-robotica\/","title":{"rendered":"Future-Ready: Soluciones bajo demanda con IA, datos y rob\u00f3tica"},"content":{"rendered":"","protected":false},"excerpt":{"rendered":"<p>Reunir\u00e1 a proyectos relacionados con la IA, los Datos y la Rob\u00f3tica para mostrar resultados, debatir desaf\u00edos y explorar colaboraciones futuras.  Se har\u00e1 especial \u00e9nfasis en los Grupos Tem\u00e1ticos de Adra y la plataforma AI-on-Demand (AIoD). El evento de dos d\u00edas (18 y 19 de febrero) incluir\u00e1 sesiones plenarias, talleres, laboratorios de c\u00f3digo y se centrar\u00e1 en la difusi\u00f3n de resultados, consolidaci\u00f3n de conocimientos e identificaci\u00f3n de desaf\u00edos.<\/p>\n","protected":false},"author":2,"featured_media":2340,"template":"","taxonomy\/categoria-radar":[39],"_links":{"self":[{"href":"https:\/\/www.andaluciaagrotech.com\/en\/wp-json\/wp\/v2\/post-type\/radar\/2339"}],"collection":[{"href":"https:\/\/www.andaluciaagrotech.com\/en\/wp-json\/wp\/v2\/post-type\/radar"}],"about":[{"href":"https:\/\/www.andaluciaagrotech.com\/en\/wp-json\/wp\/v2\/types\/radar"}],"author":[{"embeddable":true,"href":"https:\/\/www.andaluciaagrotech.com\/en\/wp-json\/wp\/v2\/users\/2"}],"wp:featuredmedia":[{"embeddable":true,"href":"https:\/\/www.andaluciaagrotech.com\/en\/wp-json\/wp\/v2\/media\/2340"}],"wp:attachment":[{"href":"https:\/\/www.andaluciaagrotech.com\/en\/wp-json\/wp\/v2\/media?parent=2339"}],"wp:term":[{"taxonomy":"categoria-radar","embeddable":true,"href":"https:\/\/www.andaluciaagrotech.com\/en\/wp-json\/wp\/v2\/taxonomy\/categoria-radar?post=2339"}],"curies":[{"name":"wp","href":"https:\/\/api.w.org\/{rel}","templated":true}]}}

Future-Ready: Soluciones bajo demanda con IA, datos y robótica

<p>Reunirá a proyectos relacionados con la IA, los Datos y la Robótica para mostrar resultados, debatir desafíos y explorar colaboraciones futuras.  Se hará especial énfasis en los Grupos Temáticos de Adra y la plataforma AI-on-Demand (AIoD). El evento de dos días (18 y 19 de febrero) incluirá sesiones plenarias, talleres, laboratorios de código y se centrará en la difusión de resultados, consolidación de conocimientos e identificación de desafíos.</p>
