{"id":2319,"date":"2025-02-04T09:38:49","date_gmt":"2025-02-04T07:38:49","guid":{"rendered":"https:\/\/www.andaluciaagrotech.com\/?post_type=radar&#038;p=2319"},"modified":"2025-02-06T09:39:51","modified_gmt":"2025-02-06T07:39:51","slug":"fruit-logistica-2025","status":"publish","type":"radar","link":"https:\/\/www.andaluciaagrotech.com\/en\/radar\/fruit-logistica-2025\/","title":{"rendered":"Fruit Log\u00edstica 2025"},"content":{"rendered":"","protected":false},"excerpt":{"rendered":"<p>Se trata de una feria comercial mundial para la industria de productos frescos. Cubre toda la cadena de valor, desde la producci\u00f3n hasta el consumo, y re\u00fane a los principales actores de la industria para hacer conexiones productivas e impulsar la innovaci\u00f3n. Se celebra del 5 al 7 de febrero en Berl\u00edn.<\/p>\n","protected":false},"author":2,"featured_media":2320,"template":"","taxonomy\/categoria-radar":[39],"_links":{"self":[{"href":"https:\/\/www.andaluciaagrotech.com\/en\/wp-json\/wp\/v2\/post-type\/radar\/2319"}],"collection":[{"href":"https:\/\/www.andaluciaagrotech.com\/en\/wp-json\/wp\/v2\/post-type\/radar"}],"about":[{"href":"https:\/\/www.andaluciaagrotech.com\/en\/wp-json\/wp\/v2\/types\/radar"}],"author":[{"embeddable":true,"href":"https:\/\/www.andaluciaagrotech.com\/en\/wp-json\/wp\/v2\/users\/2"}],"wp:featuredmedia":[{"embeddable":true,"href":"https:\/\/www.andaluciaagrotech.com\/en\/wp-json\/wp\/v2\/media\/2320"}],"wp:attachment":[{"href":"https:\/\/www.andaluciaagrotech.com\/en\/wp-json\/wp\/v2\/media?parent=2319"}],"wp:term":[{"taxonomy":"categoria-radar","embeddable":true,"href":"https:\/\/www.andaluciaagrotech.com\/en\/wp-json\/wp\/v2\/taxonomy\/categoria-radar?post=2319"}],"curies":[{"name":"wp","href":"https:\/\/api.w.org\/{rel}","templated":true}]}}

Fruit Logística 2025

<p>Se trata de una feria comercial mundial para la industria de productos frescos. Cubre toda la cadena de valor, desde la producción hasta el consumo, y reúne a los principales actores de la industria para hacer conexiones productivas e impulsar la innovación. Se celebra del 5 al 7 de febrero en Berlín.</p>
