{"id":1878,"date":"2024-09-19T09:14:22","date_gmt":"2024-09-19T07:14:22","guid":{"rendered":"https:\/\/www.andaluciaagrotech.com\/?post_type=radar&#038;p=1878"},"modified":"2024-09-19T09:14:22","modified_gmt":"2024-09-19T07:14:22","slug":"drones-en-agricultura-la-teledeteccion-como-herramienta-de-apoyo-en-la-toma-de-decisiones","status":"publish","type":"radar","link":"https:\/\/www.andaluciaagrotech.com\/en\/radar\/drones-en-agricultura-la-teledeteccion-como-herramienta-de-apoyo-en-la-toma-de-decisiones\/","title":{"rendered":"Drones en agricultura: la teledetecci\u00f3n como herramienta de apoyo en la toma de decisiones"},"content":{"rendered":"","protected":false},"excerpt":{"rendered":"<p>Curso ofrecido desde Andaluc\u00eda Agrotech EDIH y dirigido a agricultores, t\u00e9cnicos y empleados de pymes del sector agroalimentario interesados en el uso de drones y t\u00e9cnicas de teledetecci\u00f3n para la recolecci\u00f3n, procesamiento, interpretaci\u00f3n y an\u00e1lisis de datos geoespaciales. <\/p>\n","protected":false},"author":2,"featured_media":1879,"template":"","taxonomy\/categoria-radar":[38],"_links":{"self":[{"href":"https:\/\/www.andaluciaagrotech.com\/en\/wp-json\/wp\/v2\/post-type\/radar\/1878"}],"collection":[{"href":"https:\/\/www.andaluciaagrotech.com\/en\/wp-json\/wp\/v2\/post-type\/radar"}],"about":[{"href":"https:\/\/www.andaluciaagrotech.com\/en\/wp-json\/wp\/v2\/types\/radar"}],"author":[{"embeddable":true,"href":"https:\/\/www.andaluciaagrotech.com\/en\/wp-json\/wp\/v2\/users\/2"}],"wp:featuredmedia":[{"embeddable":true,"href":"https:\/\/www.andaluciaagrotech.com\/en\/wp-json\/wp\/v2\/media\/1879"}],"wp:attachment":[{"href":"https:\/\/www.andaluciaagrotech.com\/en\/wp-json\/wp\/v2\/media?parent=1878"}],"wp:term":[{"taxonomy":"categoria-radar","embeddable":true,"href":"https:\/\/www.andaluciaagrotech.com\/en\/wp-json\/wp\/v2\/taxonomy\/categoria-radar?post=1878"}],"curies":[{"name":"wp","href":"https:\/\/api.w.org\/{rel}","templated":true}]}}

Drones en agricultura: la teledetección como herramienta de apoyo en la toma de decisiones

<p>Curso ofrecido desde Andalucía Agrotech EDIH y dirigido a agricultores, técnicos y empleados de pymes del sector agroalimentario interesados en el uso de drones y técnicas de teledetección para la recolección, procesamiento, interpretación y análisis de datos geoespaciales. </p>
