{"id":1530,"date":"2024-05-02T09:44:11","date_gmt":"2024-05-02T07:44:11","guid":{"rendered":"https:\/\/www.andaluciaagrotech.com\/?post_type=radar&#038;p=1530"},"modified":"2024-06-08T09:41:36","modified_gmt":"2024-06-08T07:41:36","slug":"vii-edicion-del-5g-forum","status":"publish","type":"radar","link":"https:\/\/www.andaluciaagrotech.com\/en\/radar\/vii-edicion-del-5g-forum\/","title":{"rendered":"VII edici\u00f3n del 5G Forum"},"content":{"rendered":"<p>Encuentro multidisciplinar en torno a la tecnolog\u00eda 5G que se celebra en Espa\u00f1a y que da protagonismo a los avances de esta tecnolog\u00eda, constituyendo una oportunidad para el intercambio de conocimientos en torno a sus aplicaciones pr\u00e1cticas. Del 6 al 10 de mayo.<\/p>\n","protected":false},"excerpt":{"rendered":"<p>Encuentro multidisciplinar en torno a la tecnolog\u00eda 5G que se celebra en Espa\u00f1a y que da protagonismo a los avances de esta tecnolog\u00eda, constituyendo una oportunidad para el intercambio de conocimientos en torno a sus aplicaciones pr\u00e1cticas. Del 6 al 10 de mayo.<\/p>\n","protected":false},"author":1,"featured_media":1667,"template":"","taxonomy\/categoria-radar":[39],"_links":{"self":[{"href":"https:\/\/www.andaluciaagrotech.com\/en\/wp-json\/wp\/v2\/post-type\/radar\/1530"}],"collection":[{"href":"https:\/\/www.andaluciaagrotech.com\/en\/wp-json\/wp\/v2\/post-type\/radar"}],"about":[{"href":"https:\/\/www.andaluciaagrotech.com\/en\/wp-json\/wp\/v2\/types\/radar"}],"author":[{"embeddable":true,"href":"https:\/\/www.andaluciaagrotech.com\/en\/wp-json\/wp\/v2\/users\/1"}],"wp:featuredmedia":[{"embeddable":true,"href":"https:\/\/www.andaluciaagrotech.com\/en\/wp-json\/wp\/v2\/media\/1667"}],"wp:attachment":[{"href":"https:\/\/www.andaluciaagrotech.com\/en\/wp-json\/wp\/v2\/media?parent=1530"}],"wp:term":[{"taxonomy":"categoria-radar","embeddable":true,"href":"https:\/\/www.andaluciaagrotech.com\/en\/wp-json\/wp\/v2\/taxonomy\/categoria-radar?post=1530"}],"curies":[{"name":"wp","href":"https:\/\/api.w.org\/{rel}","templated":true}]}}

VII edición del 5G Forum

<p>Encuentro multidisciplinar en torno a la tecnología 5G que se celebra en España y que da protagonismo a los avances de esta tecnología, constituyendo una oportunidad para el intercambio de conocimientos en torno a sus aplicaciones prácticas. Del 6 al 10 de mayo.</p>
