{"id":1073,"date":"2023-11-28T12:58:20","date_gmt":"2023-11-28T10:58:20","guid":{"rendered":"https:\/\/www.andaluciaagrotech.com\/?post_type=radar&#038;p=1073"},"modified":"2023-11-28T12:58:20","modified_gmt":"2023-11-28T10:58:20","slug":"conferencia-food-2030-green-and-resilient-food-systems","status":"publish","type":"radar","link":"https:\/\/www.andaluciaagrotech.com\/en\/radar\/conferencia-food-2030-green-and-resilient-food-systems\/","title":{"rendered":"Conferencia &#8220;Food 2030: green and resilient food systems&#8221;"},"content":{"rendered":"<p>La Comisi\u00f3n Europea promueve este encuentro, donde se mostrar\u00e1n logros de proyectos relacionados con sistemas alimentarios y su resilencia y sostenibilidad, as\u00ed como se explorar\u00e1n futuras l\u00edneas de investigaci\u00f3n e innovaci\u00f3n y potenciales palancas de cambio. 4 y 5 de diciembre, presencial (Bruselas) y online.<\/p>\n","protected":false},"excerpt":{"rendered":"<p>La Comisi\u00f3n Europea promueve este encuentro, donde se mostrar\u00e1n logros de proyectos relacionados con sistemas alimentarios y su resilencia y sostenibilidad, as\u00ed como se explorar\u00e1n futuras l\u00edneas de investigaci\u00f3n e innovaci\u00f3n y potenciales palancas de cambio. 4 y 5 de diciembre, presencial (Bruselas) y online.<\/p>\n","protected":false},"author":2,"featured_media":1074,"template":"","taxonomy\/categoria-radar":[39],"_links":{"self":[{"href":"https:\/\/www.andaluciaagrotech.com\/en\/wp-json\/wp\/v2\/post-type\/radar\/1073"}],"collection":[{"href":"https:\/\/www.andaluciaagrotech.com\/en\/wp-json\/wp\/v2\/post-type\/radar"}],"about":[{"href":"https:\/\/www.andaluciaagrotech.com\/en\/wp-json\/wp\/v2\/types\/radar"}],"author":[{"embeddable":true,"href":"https:\/\/www.andaluciaagrotech.com\/en\/wp-json\/wp\/v2\/users\/2"}],"wp:featuredmedia":[{"embeddable":true,"href":"https:\/\/www.andaluciaagrotech.com\/en\/wp-json\/wp\/v2\/media\/1074"}],"wp:attachment":[{"href":"https:\/\/www.andaluciaagrotech.com\/en\/wp-json\/wp\/v2\/media?parent=1073"}],"wp:term":[{"taxonomy":"categoria-radar","embeddable":true,"href":"https:\/\/www.andaluciaagrotech.com\/en\/wp-json\/wp\/v2\/taxonomy\/categoria-radar?post=1073"}],"curies":[{"name":"wp","href":"https:\/\/api.w.org\/{rel}","templated":true}]}}

<p>La Comisión Europea promueve este encuentro, donde se mostrarán logros de proyectos relacionados con sistemas alimentarios y su resilencia y sostenibilidad, así como se explorarán futuras líneas de investigación e innovación y potenciales palancas de cambio. 4 y 5 de diciembre, presencial (Bruselas) y online.</p>
