{"id":3522,"date":"2026-04-29T15:31:49","date_gmt":"2026-04-29T13:31:49","guid":{"rendered":"https:\/\/www.andaluciaagrotech.com\/?post_type=agenda&#038;p=3522"},"modified":"2026-04-29T15:31:49","modified_gmt":"2026-04-29T13:31:49","slug":"taller-herramientas-digitales-para-la-innovacion-en-la-gestion-de-la-pyme-agraria-agroalimentaria-y-ganadera","status":"publish","type":"agenda","link":"https:\/\/www.andaluciaagrotech.com\/en\/agenda\/taller-herramientas-digitales-para-la-innovacion-en-la-gestion-de-la-pyme-agraria-agroalimentaria-y-ganadera\/","title":{"rendered":"Taller &#8216;Herramientas digitales para la innovaci\u00f3n en la gesti\u00f3n de la pyme agraria, agroalimentaria y ganadera&#8217;"},"content":{"rendered":"<p>La Confederaci\u00f3n de Empresarios de Andaluc\u00eda, entidad asociada a Andaluc\u00eda Agrotech EDIH, organiza el taller formativo &#8216;Herramientas digitales para la innovaci\u00f3n en la gesti\u00f3n de la pyme agraria, agroalimentaria y ganadera&#8217;. Ser\u00e1 en modalidad presencial el pr\u00f3ximo 19 de mayo en la sede de la CEA. Est\u00e1 dirigido a trabajadores, gerentes, mandos intermedios y aut\u00f3nomos del sector agrario, ganadero y agroalimentario. <a href=\"https:\/\/yourls.agroalimentarias-andalucia.es\/zEmSW2PFi\" target=\"_blank\" rel=\"noopener\">Inscripci\u00f3n<\/a> gratuita hasta completas plazas.<\/p>\n<p>&nbsp;<\/p>\n<p>&nbsp;<\/p>\n","protected":false},"excerpt":{"rendered":"<p>La Confederaci\u00f3n de Empresarios de Andaluc\u00eda, entidad asociada a Andaluc\u00eda Agrotech EDIH, organiza el taller formativo &#8216;Herramientas digitales para la innovaci\u00f3n en la gesti\u00f3n de la pyme agraria, agroalimentaria y ganadera&#8217;. Ser\u00e1 en modalidad presencial el pr\u00f3ximo 19 de mayo en la sede de la CEA. Est\u00e1 dirigido a trabajadores, gerentes, mandos intermedios y aut\u00f3nomos [&hellip;]<\/p>\n","protected":false},"author":15,"featured_media":0,"template":"","_links":{"self":[{"href":"https:\/\/www.andaluciaagrotech.com\/en\/wp-json\/wp\/v2\/post-type\/agenda\/3522"}],"collection":[{"href":"https:\/\/www.andaluciaagrotech.com\/en\/wp-json\/wp\/v2\/post-type\/agenda"}],"about":[{"href":"https:\/\/www.andaluciaagrotech.com\/en\/wp-json\/wp\/v2\/types\/agenda"}],"author":[{"embeddable":true,"href":"https:\/\/www.andaluciaagrotech.com\/en\/wp-json\/wp\/v2\/users\/15"}],"wp:attachment":[{"href":"https:\/\/www.andaluciaagrotech.com\/en\/wp-json\/wp\/v2\/media?parent=3522"}],"curies":[{"name":"wp","href":"https:\/\/api.w.org\/{rel}","templated":true}]}}

Taller &#8216;Herramientas digitales para la innovación en la gestión de la pyme agraria, agroalimentaria y ganadera&#8217;

<p>La Confederación de Empresarios de Andalucía, entidad asociada a Andalucía Agrotech EDIH, organiza el taller formativo &#8216;Herramientas digitales para la innovación en la gestión de la pyme agraria, agroalimentaria y ganadera&#8217;. Será en modalidad presencial el próximo 19 de mayo en la sede de la CEA. Está dirigido a trabajadores, gerentes, mandos intermedios y autónomos del sector agrario, ganadero y agroalimentario. <a href="https://yourls.agroalimentarias-andalucia.es/zEmSW2PFi" target="_blank" rel="noopener">Inscripción</a> gratuita hasta completas plazas.</p>
<p>&nbsp;</p>
<p>&nbsp;</p>

<p>La Confederación de Empresarios de Andalucía, entidad asociada a Andalucía Agrotech EDIH, organiza el taller formativo &#8216;Herramientas digitales para la innovación en la gestión de la pyme agraria, agroalimentaria y ganadera&#8217;. Será en modalidad presencial el próximo 19 de mayo en la sede de la CEA. Está dirigido a trabajadores, gerentes, mandos intermedios y autónomos [&hellip;]</p>
